{"id":941,"date":"2023-09-10T20:10:04","date_gmt":"2023-09-10T18:10:04","guid":{"rendered":"http:\/\/asso270.org\/?post_type=tribe_events&#038;p=941"},"modified":"2023-09-10T20:12:39","modified_gmt":"2023-09-10T18:12:39","slug":"fete-de-lautomne","status":"publish","type":"tribe_events","link":"https:\/\/asso270.org\/index.php\/event\/fete-de-lautomne\/","title":{"rendered":"F\u00eate de l&rsquo;Automne"},"content":{"rendered":"<p>La F\u00eate de l&rsquo;automne au parc de Laleu le 27 Septembre 2023<\/p>\n<p>Les producteurs bio, Les associations solidaires et l\u2019association 270 degr\u00e9s, vous invitent \u00e0 f\u00eater le retour de l&rsquo;automne. Un concert sera propos\u00e9 \u00e0 18h30.<\/p>\n<p>Venez nombreux<\/p>\n","protected":false},"excerpt":{"rendered":"<p>La f\u00eate de l&rsquo;automne au Parc de Laleu<\/p>\n","protected":false},"author":1,"featured_media":0,"template":"","meta":{"_tribe_events_status":"","_tribe_events_status_reason":"","footnotes":""},"tags":[44],"tribe_events_cat":[],"class_list":["post-941","tribe_events","type-tribe_events","status-publish","hentry","tag-marche-bio"],"_links":{"self":[{"href":"https:\/\/asso270.org\/index.php\/wp-json\/wp\/v2\/tribe_events\/941","targetHints":{"allow":["GET"]}}],"collection":[{"href":"https:\/\/asso270.org\/index.php\/wp-json\/wp\/v2\/tribe_events"}],"about":[{"href":"https:\/\/asso270.org\/index.php\/wp-json\/wp\/v2\/types\/tribe_events"}],"author":[{"embeddable":true,"href":"https:\/\/asso270.org\/index.php\/wp-json\/wp\/v2\/users\/1"}],"version-history":[{"count":2,"href":"https:\/\/asso270.org\/index.php\/wp-json\/wp\/v2\/tribe_events\/941\/revisions"}],"predecessor-version":[{"id":943,"href":"https:\/\/asso270.org\/index.php\/wp-json\/wp\/v2\/tribe_events\/941\/revisions\/943"}],"wp:attachment":[{"href":"https:\/\/asso270.org\/index.php\/wp-json\/wp\/v2\/media?parent=941"}],"wp:term":[{"taxonomy":"post_tag","embeddable":true,"href":"https:\/\/asso270.org\/index.php\/wp-json\/wp\/v2\/tags?post=941"},{"taxonomy":"tribe_events_cat","embeddable":true,"href":"https:\/\/asso270.org\/index.php\/wp-json\/wp\/v2\/tribe_events_cat?post=941"}],"curies":[{"name":"wp","href":"https:\/\/api.w.org\/{rel}","templated":true}]}}

Fête de l&rsquo;Automne

<p>La Fête de l&rsquo;automne au parc de Laleu le 27 Septembre 2023</p>
<p>Les producteurs bio, Les associations solidaires et l’association 270 degrés, vous invitent à fêter le retour de l&rsquo;automne. Un concert sera proposé à 18h30.</p>
<p>Venez nombreux</p>

<p>La fête de l&rsquo;automne au Parc de Laleu</p>
