{"id":915,"date":"2024-02-06T10:39:06","date_gmt":"2024-02-06T09:39:06","guid":{"rendered":"http:\/\/asso270.org\/?post_type=tribe_events&#038;p=915"},"modified":"2024-02-14T21:47:38","modified_gmt":"2024-02-14T20:47:38","slug":"vla-le-printemps","status":"publish","type":"tribe_events","link":"https:\/\/asso270.org\/index.php\/event\/vla-le-printemps\/","title":{"rendered":"V&rsquo;L\u00e0 le Printemps"},"content":{"rendered":"<p>V&rsquo;L\u00e0 le Printemps : les producteurs bio, Les associations solidaires et l\u2019association 270 degr\u00e9s, vous invitent \u00e0 f\u00eater le retour du printemps, du soleil et de la bonne humeur.<\/p>\n","protected":false},"excerpt":{"rendered":"<p>V&rsquo;L\u00e0 le Printemps : les producteurs bio, Les associations solidaires et l\u2019association 270 degr\u00e9s, vous invitent \u00e0 f\u00eater le retour du printemps, du soleil et de la bonne humeur.<\/p>\n","protected":false},"author":1,"featured_media":0,"template":"","meta":{"_tribe_events_status":"","_tribe_events_status_reason":"","footnotes":""},"tags":[],"tribe_events_cat":[49],"class_list":["post-915","tribe_events","type-tribe_events","status-publish","hentry","tribe_events_cat-49","cat_270"],"_links":{"self":[{"href":"https:\/\/asso270.org\/index.php\/wp-json\/wp\/v2\/tribe_events\/915","targetHints":{"allow":["GET"]}}],"collection":[{"href":"https:\/\/asso270.org\/index.php\/wp-json\/wp\/v2\/tribe_events"}],"about":[{"href":"https:\/\/asso270.org\/index.php\/wp-json\/wp\/v2\/types\/tribe_events"}],"author":[{"embeddable":true,"href":"https:\/\/asso270.org\/index.php\/wp-json\/wp\/v2\/users\/1"}],"version-history":[{"count":2,"href":"https:\/\/asso270.org\/index.php\/wp-json\/wp\/v2\/tribe_events\/915\/revisions"}],"predecessor-version":[{"id":1010,"href":"https:\/\/asso270.org\/index.php\/wp-json\/wp\/v2\/tribe_events\/915\/revisions\/1010"}],"wp:attachment":[{"href":"https:\/\/asso270.org\/index.php\/wp-json\/wp\/v2\/media?parent=915"}],"wp:term":[{"taxonomy":"post_tag","embeddable":true,"href":"https:\/\/asso270.org\/index.php\/wp-json\/wp\/v2\/tags?post=915"},{"taxonomy":"tribe_events_cat","embeddable":true,"href":"https:\/\/asso270.org\/index.php\/wp-json\/wp\/v2\/tribe_events_cat?post=915"}],"curies":[{"name":"wp","href":"https:\/\/api.w.org\/{rel}","templated":true}]}}

V&rsquo;Là le Printemps

<p>V&rsquo;Là le Printemps : les producteurs bio, Les associations solidaires et l’association 270 degrés, vous invitent à fêter le retour du printemps, du soleil et de la bonne humeur.</p>
