{"id":1068,"date":"2025-09-10T09:45:16","date_gmt":"2025-09-10T07:45:16","guid":{"rendered":"https:\/\/asso270.org\/?post_type=tribe_events&#038;p=1068"},"modified":"2025-09-10T09:45:16","modified_gmt":"2025-09-10T07:45:16","slug":"la-fete-de-lautomne-au-parc-de-laleu","status":"publish","type":"tribe_events","link":"https:\/\/asso270.org\/index.php\/event\/la-fete-de-lautomne-au-parc-de-laleu\/","title":{"rendered":"La f\u00eate de l&rsquo;Automne au parc de Laleu"},"content":{"rendered":"<p>La F\u00eate de l&rsquo;automne au parc de Laleu le 1er Octobre 2025<\/p>\n<p>Les producteurs bio, Les associations solidaires et l\u2019association 270 degr\u00e9s, vous invitent \u00e0 f\u00eater le retour de l&rsquo;automne le 1er octobre au parc de Laleu entre 15h et 20h. Venez nombreux !<\/p>\n<p>Le bureau de 270\u00b0<\/p>\n","protected":false},"excerpt":{"rendered":"<p>La F\u00eate de l&rsquo;automne au parc de Laleu le 1er Octobre 2025 Les producteurs bio, Les associations solidaires et l\u2019association 270 degr\u00e9s, vous invitent \u00e0 f\u00eater le retour de l&rsquo;automne le 1er octobre au parc de Laleu entre 15h et 20h. Venez nombreux ! Le bureau de 270\u00b0<\/p>\n","protected":false},"author":1,"featured_media":0,"template":"","meta":{"_tribe_events_status":"","_tribe_events_status_reason":"","footnotes":""},"tags":[],"tribe_events_cat":[],"class_list":["post-1068","tribe_events","type-tribe_events","status-publish","hentry"],"_links":{"self":[{"href":"https:\/\/asso270.org\/index.php\/wp-json\/wp\/v2\/tribe_events\/1068","targetHints":{"allow":["GET"]}}],"collection":[{"href":"https:\/\/asso270.org\/index.php\/wp-json\/wp\/v2\/tribe_events"}],"about":[{"href":"https:\/\/asso270.org\/index.php\/wp-json\/wp\/v2\/types\/tribe_events"}],"author":[{"embeddable":true,"href":"https:\/\/asso270.org\/index.php\/wp-json\/wp\/v2\/users\/1"}],"version-history":[{"count":1,"href":"https:\/\/asso270.org\/index.php\/wp-json\/wp\/v2\/tribe_events\/1068\/revisions"}],"predecessor-version":[{"id":1069,"href":"https:\/\/asso270.org\/index.php\/wp-json\/wp\/v2\/tribe_events\/1068\/revisions\/1069"}],"wp:attachment":[{"href":"https:\/\/asso270.org\/index.php\/wp-json\/wp\/v2\/media?parent=1068"}],"wp:term":[{"taxonomy":"post_tag","embeddable":true,"href":"https:\/\/asso270.org\/index.php\/wp-json\/wp\/v2\/tags?post=1068"},{"taxonomy":"tribe_events_cat","embeddable":true,"href":"https:\/\/asso270.org\/index.php\/wp-json\/wp\/v2\/tribe_events_cat?post=1068"}],"curies":[{"name":"wp","href":"https:\/\/api.w.org\/{rel}","templated":true}]}}

La fête de l&rsquo;Automne au parc de Laleu

<p>La Fête de l&rsquo;automne au parc de Laleu le 1er Octobre 2025</p>
<p>Les producteurs bio, Les associations solidaires et l’association 270 degrés, vous invitent à fêter le retour de l&rsquo;automne le 1er octobre au parc de Laleu entre 15h et 20h. Venez nombreux !</p>
<p>Le bureau de 270°</p>

<p>La Fête de l&rsquo;automne au parc de Laleu le 1er Octobre 2025 Les producteurs bio, Les associations solidaires et l’association 270 degrés, vous invitent à fêter le retour de l&rsquo;automne le 1er octobre au parc de Laleu entre 15h et 20h. Venez nombreux ! Le bureau de 270°</p>
